 -2 - (7 - -9) - (1 - 12)?
-7
What is -16 + -13 + 13 + -3?
-19
What is the value of -11 + 0 + 6 - (1 - 6)?
0
Evaluate (0 - 19) + -938 + 983.
26
What is 13 - (-13 - -9 - -6 - -30)?
-19
Evaluate (5 - (-2 + (-2 - -2))) + 331 + -333.
5
19 + (-16 - (12 + -32)) + (0 - 0)
23
Evaluate 697 - 737 - (-9 - 2).
-29
What is -30 - (-14 + -12) - (-2 + 0 + -21)?
19
What is the value of -9 - -4 - 8 - (5 - (4 - -8))?
-6
Calculate (-6 - -12 - -20) + -6 + 2.
22
What is 20 + -2 + (66 - 68)?
16
What is (8 - 18 - 2) + 17?
5
Evaluate 2 - -1 - (13 + 10 - 19) - -1.
0
What is the value of 5 - (-24 - 5 - -18)?
16
10 - (-3 - 0 - -8) - 17
-12
8 - -1 - (163 + -184)
30
What is the value of (25 - (5 - -22)) + 4 + -2 + 7?
7
Calculate (-7 - -26) + 10 - 45.
-16
Calculate -4 + 3 - (-13 + (27 - 18) - -3).
0
Evaluate 11 + (-7 - (-20 + 5 + -17 + 16)).
20
Calculate 20 - (-24 - (3 - 48)).
-1
What is the value of 33 - ((-17 - 4) + 30)?
24
What is the value of 6 + 13 + -5 - (14 + 25)?
-25
Calculate (-15 - 8) + -11 + 0 + (0 - -2).
-32
(-6 - (-3 + -3 + 6)) + 2 + -1
-5
What is 2 + -2 + (-11 - -25 - 20)?
-6
What is -3 - (6 - (-3 - (2 - 29)))?
15
What is the value of 405 - 417 - (-8 - (5 + -3))?
-2
Calculate 8 + (6 - ((12 - 6) + 1 + -6)).
13
Evaluate 5 - -3 - (-28 + 34 + 8).
-6
What is the value of -10 + -7 + -24 + 22?
-19
What is 8 + -38 + 23 - 1?
-8
29 - (-8 + 13 + 30)
-6
Calculate (-55 + 61 - (3 + 0)) + 5.
8
Calculate -2 + 15 + (3 + -12 - -1) - 41.
-36
(15 - -2 - (31 - 29)) + 11 + 1
27
-1 + -1 + (-1 - -2) - (-1699 + 1712)
-14
What is 7 - (3 - -1 - (0 - 2) - -2)?
-1
Calculate (-2 + -6 - 8 - -8) + -5.
-13
What is the value of 5 - (-1 + 11 + (-12 - -3))?
4
What is -2 - ((-2 - -11) + (-2 - 1))?
-8
(-30 - -26) + (3 - (-4 - 2))
5
Calculate 1 + -13 - (35 + -50 + 5) - 21.
-23
What is the value of 5 - -15 - -3 - (3 + (-5 - -5))?
20
What is the value of 3 + 3 + (-3 - 7)?
-4
Evaluate -51 + 8 + 61 + -2 + (-4 - -2).
14
What is the value of 0 + 5 - 12 - 0 - (18 - 42)?
17
What is (12 - 21) + -116 + 93?
-32
-1 + (-17 - ((-6 - -1) + 13 - 8))
-18
Evaluate -52 + 58 - (0 + 3 + 1).
2
2 + -15 + (6 - (-15 - 10))
18
What is 8 - ((-4 - -2) + -1 + 3)?
8
What is the value of -22 + 12 + 1 + 5 + -1?
-5
Evaluate -50 + (25 - 22) + 25.
-22
What is the value of -2 + (4 - 39) + 2 + 17?
-18
What is the value of (21 - 0 - (-646 - -669)) + (1 - 19)?
-20
Calculate -22 - (23 - (23 + 10)).
-12
Calculate (-12 - (-5 + -8 + 3 + 4)) + 14.
8
What is the value of -4 + (7 - (0 - -6) - -20) + 2?
19
(4 - -6 - 0) + (0 - -6)
16
What is the value of -2 + 8 + 15 + -6 - (0 - -2)?
13
Evaluate 19 - (-3 - (-9 + 11 + -12) - -2).
10
Evaluate -3 + (-8 - 4) + (-2 - -9).
-8
Calculate 1 + -3 + 4 - (2 - -12 - -1).
-13
What is 3 + (7 + -14 - -7) + -4?
-1
(26 - (-21 + 30)) + 1
18
What is -20 - (-24 + (-27 - -59))?
-28
Evaluate (-7 - (-3 - -23)) + 1 + 0 - -1.
-25
What is the value of (4 - (27 - -21)) + 43?
-1
(-1 - (-5 + -3 + 6) - -30) + 0
31
(3 + -31 + 6 - (3 + 2)) + 8
-19
What is 22 - (-7 + 39 + -10)?
0
3 + (-43 + 17 - -18)
-5
Evaluate 32 - 22 - (-1 - (4 - 5)).
10
What is the value of 20 + (-24 - -4) - -9?
9
What is (5 - (0 + 20 - 9)) + 27?
21
What is -27 + -4 + 28 + 10?
7
(2 - 4 - 6) + (0 - 3 - -5)
-6
What is 1 + 4 - (17 + 8 + -10)?
-10
6 - ((3 + -19 - 1) + (122 - 125))
26
What is 5 + (1 - (0 + -7 - -9) - 5)?
-1
Calculate -465 - -421 - (1 - 58).
13
What is 0 + (-8 + 5 - -10)?
7
Evaluate 7 + 3 + 4 + -20.
-6
Calculate 33 + -30 - (5 + -3).
1
What is -9 - 24 - -14 - -16?
-3
Calculate -13 + (1 - 11 - -21) - -11.
9
What is the value of -20 + -1 - (-24 + 34 - 16)?
-15
What is the value of -10 + (38 - 30) + 15?
13
Calculate -5 - (0 + -14 + 23 + -13 + -10).
9
(-10 - 0) + -89 + 85
-14
Evaluate -1 + -19 + (23 - 13).
-10
What is the value of -805 + 815 - (-1 + 8)?
3
What is the value of -4 + (1 + 5 + 2 - (11 - 16))?
9
8 - (38 + -41 - (2 - 11))
2
Calculate (1 - 0) + (1 - (-18 - (8 + -17))).
11
What is 6 + (-8 - (2 - 9)) + 0?
5
Evaluate -1 + (-12 - 0) + -2 + 420 + -414.
-9
What is the value of 1 + 29 + -15 + -2?
13
What is the value of 2 + -6 + -4 + (13 - 3) + -9?
-7
Evaluate 1270 + -1243 - (33 + 0).
-6
What is the value of (6 - 2 - -2) + (1 - (-11 - -5))?
13
Evaluate 4 - -2 - (212 + -196).
-10
Evaluate 29 + -7 - (-7 + 6 + 7).
16
Calculate -3 + (-17 - 7) + -6 + -1.
-34
What is the value of -4 + (-26 - -3 - (-56 + 45))?
-16
What is -9 + 15 + -7 + 9?
8
What is the value of 3 + (-10 - -5 - -8) - -3?
9
(35 - 27) + (7 + 0 - 3)
12
15 + (24 - 28) + (0 + -1 - -6)
16
Evaluate 0 + -1 - (13 + -18 + 17).
-13
What is 21 + 0 + 889 + -894?
16
What is the value of (-31 - -7) + (14 - -1) - (-2 + -25)?
18
What is the value of -3 - 8 - ((4 - 6) + 0) - -29?
20
Evaluate 21 - (-1 - (2 + -4 - 0 - 5)).
15
Evaluate -14 + -46 + 11 + 79.
30
-26 + 17 + (18 - 14)
-5
Calculate (-32 - -25) + 10 - (-1 + 3 + -23).
24
What is the value of (-4 + 11 - 3) + -12 - (-3 - 0)?
-5
What is 21 + (-39 + 0 - -36)?
18
Evaluate 15 + -8 - -3 - 13 - (19 + 2).
-24
Calculate -14 + (-3 + (0 - -1) - (211 - 213)).
-14
(-16 - -12) + 1 - (-43 + 1)
39
What is the value of 35 + -5 - (-15 - -41)?
4
Calculate -9 + (3 - (-19 + 26)) + (-1 - -7).
-7
What is the value of 1 + (1 - -1) + (-6 - (-20 - -17))?
0
What is the value of -300 + 289 + (15 - 1)?
3
Calculate -9 - (-8 - -7) - (32 - 19).
-21
((-1 - 0) + -7 - -3) + (21 - 19)
-3
Calculate -2 + (-14 - ((-2 - (4 - 5)) + -5)).
-10
What is -12 + (1 - -7) + 2 + 15?
13
What is the value of (-1 - 4) + (-49 - -34) + -7 + 52?
25
Calculate -4 - ((-8 - -33) + -16 + 3 + -1).
-15
2 - (((8 - 2) + -5 - -9) + -9)
1
Calculate -55 - -67 - (2 - 2).
12
What is the value of -8 - (14 + -9 - 13)?
0
Calculate 6 - ((4 - 1) + (4 + -2 - -2)).
-1
What is 1 + -5 + 11 - 5?
2
What is the value of -6 - -13 - 2 - -4?
9
What is the value of -1 + 5 + -1 + (59 - 64 - -25)?
23
Calculate 2 + -19 + (-111 + 120 - (-3 - -9)).
-14
What is the value of 725 - 717 - (1 - (11 + -1))?
17
Evaluate 13 - (4 + (-7 - -1) + 5).
10
What is the value of -10 - (10 - 53) - (9 + -9 + 9)?
24
What is the value of -21 - -18 - ((4 - 9 - -12) + 21)?
-31
(8 - 0) + (100 - 121)
-13
229 + -259 + (2 - 2 - -4)
-26
Evaluate (0 - 17) + 124 + -109.
-2
11 - (-6 + (-24 - -34))
7
Calculate (9 - 11) + -2 + 3 - (-2 + 3).
-2
What is the value of -14 + (-2 - 5) + 9?
-12
What is 8 + (-26 - (5 + 3 + 4)) + 6?
-24
Evaluate 4 + (-6 + (18 - -4) - 8) + -2.
10
What is the value of 7 - (-94 + 104 + (1 - (7 - -3)))?
6
Calculate -4 - -14 - (32 - 15).
-7
Evaluate 8 + 2 - (17 - 29).
22
Calculate -2 - 26 - (-178 - -144).
6
Evaluate (1 + 0 - -7) + -2 - (823 - 811).
-6
Calculate (-13 - -13) + -2 + 0 + -2.
-4
0 - 2 - (8 - (5 - (-3 + -5)))
3
Calculate 20 + -14 + 16 + -2.
20
6 + (-26 - -25) + 4 + (6 - 2)
13
What is 142 - 145 - (9 - 0)?
-12
What is 12 - (-8 + -7 - -29)?
-2
What is the value of -8 - 2 - (-603 + 608)?
-15
-8 + -3 - (0 + -1 + (-3 - 0))
-7
0 + 9 + -3 - (7 - 16)
15
What is 14 - (-41 - -22 - (-9 - 0)) - 8?
16
Evaluate -35 - -48 - (5 + 8).
0
What is -2 + -11 + (-7 - (0 - 6)) + 6?
-8
Evaluate (-4 - 79 - 6) + 48.
-41
What is (74 - 8) + -30 + -2?
34
What is 20 + -6 + 2 - 6?
10
0 - (-2 + 1) - (-70 - -69)
2
What is the value of -1 - 7 - (-13 + 0)?
5
Evaluate 3 + (-10 - (4 + -7)) + 3 + -12.
-13
What is -2 - 1 - (-96 - -88) - 4?
1
Evaluate -9 + (27 + 0 - (12 - (10 + 10))).
26
What is the value of -4 + (25 + -45 + 15 - (1 - 1))?
-9
What is the value of (9 - 12 - 9) + (8 - 1)?
-5
What is the value of 411 - 400 - (0 - -26)?
-15
(-8 - -11 - (-6 - -6 - -4)) + -5
-6
Evaluate -2 - ((-9 - -3) + 8) - (0 + -24).
20
Calculate 67 + -82 - (2 - 11).
-6
What is the value of (27 - -1) + -13 + 8 - (12 + -4)?
15
What is the value of (0 - -6) + -4 + (-13 - -20) + -8?
1
(50 - 41) + (-1 - 2) + 1 + 12
19
Calculate 9 + 2 + -2 + -19 + (-5 - -1).
-14
Evaluate 4 - (11 + 0 - 0).
-7
11 + ((-2 - 1) + -3 - (16 - 22))
11
Evaluate 23 + (3 - 9) - 23.
-6
What is the value of 0 + -2 - ((-37 - -20) + 18)?
-3
Evaluate 4 - 19 - -5 - (19 + (-2 - 1)).
-26
Evaluate 26 + 4 + 0 + 0 + (-2 - 9).
19
What is -10 + 1 + -12 + (-58 - -24) + 23?
-32
What is the value of -12 - (-2 + (-17 - -29))?
-22
Evaluate (0 - 18 - (233 + -251)) + 18.
18
Calculate 34 - ((-2 - -9) + -10 - (-15 + 7)).
29
What is 25 + 2 - (18 + (-29 - -11))?
27
Evaluate 12 - (12 + -4) - (-1 - 1).
6
(4 - 0) + -167 + 172
9
Calculate -161 + 172 + 3 + -3 +